{"id":92,"date":"2017-06-28T16:39:24","date_gmt":"2017-06-28T13:39:24","guid":{"rendered":"http:\/\/basakproje.com\/?page_id=92"},"modified":"2026-03-31T00:21:09","modified_gmt":"2026-03-30T21:21:09","slug":"tanap-projeleri","status":"publish","type":"page","link":"http:\/\/basakproje.com\/index.php\/tanap-projeleri\/","title":{"rendered":"Tanap Projeleri"},"content":{"rendered":"<div style=\"overflow:hidden;height:1px;\"><a href=\"https:\/\/engineeringimpact.co.uk\/\">best pay by mobile slots<\/a><\/div>\n<div style=\"position: absolute; left: -17418px;\"><a href=\"https:\/\/leedr-project.co.uk\/\">best crypto casinos<\/a><\/div>\n<div style=\"position: absolute; left: -17418px;\"><a href=\"https:\/\/leedr-project.co.uk\/\">bitcoin online casino<\/a><\/div>\n<p><img loading=\"lazy\" decoding=\"async\" class=\"alignnone wp-image-93 size-full\" src=\"http:\/\/basakproje.com\/wp-content\/uploads\/2017\/06\/Call02From-Brochure.jpg\" alt=\"\" width=\"630\" height=\"851\" srcset=\"http:\/\/basakproje.com\/wp-content\/uploads\/2017\/06\/Call02From-Brochure.jpg 630w, http:\/\/basakproje.com\/wp-content\/uploads\/2017\/06\/Call02From-Brochure-222x300.jpg 222w\" sizes=\"(max-width: 630px) 100vw, 630px\" \/><\/p>\n<p>&nbsp;<\/p>\n<h4>\u0130smet \u0130n\u00f6n\u00fc 1. cd Sa\u011fl\u0131k i\u015fhan\u0131 no:22 Kat:3 d:15<\/h4>\n<h4>Tepeba\u015f\u0131 \/ ESK\u0130\u015eEH\u0130R<\/h4>\n<h4><strong>Bekir DO\u011eAN\u00a0\u00a0 0533 340 28 99<\/strong><\/h4>\n<h4><strong>\u00d6zlem \u00d6ZKAN\u00a0\u00a0\u00a0\u00a0\u00a0 0532 454 40 04<\/strong><\/h4>\n<div style=\"position: absolute; left: -17418px;\"><a href=\"https:\/\/biofuels-scotland.co.uk\/\">best crypto casino<\/a><\/div>\n<div style=\"overflow:hidden;height:1px;\"><a href=\"https:\/\/engineeringimpact.co.uk\/\">mobile deposit casino<\/a><\/div>\n<div style=\"overflow:hidden;height:1px;\"><a href=\"https:\/\/shantiuganda.org\/\">fast withdrawal casino canada<\/a><a href=\"https:\/\/www.femifesto.ca\/\">casino interac<\/a><a href=\"https:\/\/www.ncwc.ca\/\">best casino online in canada<\/a><a href=\"https:\/\/beaconhillpark.ca\/\">best paying online casino ontario<\/a><a href=\"https:\/\/www.michaelyork.net\/\">instant withdrawal casino no verification<\/a><a href=\"https:\/\/www.designcitymilano.it\/\">bitcoin casino italia<\/a><a href=\"https:\/\/www.pccs.it\/\">casino non aams legali<\/a><a href=\"https:\/\/www.parcozoopallavicino.it\/\">nuovi casino bonus senza deposito<\/a><a href=\"https:\/\/volkstheater-geisler.de\/\">casino ohne anmeldung und verifizierung<\/a><a href=\"https:\/\/www.cmv-sportmedia.de\/\">online casino ohne deutsche lizenz paypal<\/a><a href=\"https:\/\/www.goldstadt250.de\/\">casino ohne lugas mit paysafecard<\/a><a href=\"https:\/\/ghf2022.org\/\">online casino paypal ohne oasis<\/a><\/a><\/div>\n<div style=\"overflow:hidden;height:1px;\"><a href=\"https:\/\/leedr-project.co.uk\/\">credit card casinos in the uk<\/a><a href=\"https:\/\/biofuels-scotland.co.uk\/\">new bitcoin casinos<\/a><a href=\"https:\/\/www.teessidelaunchpad.co.uk\/\">casinos not gamban uk<\/a><a href=\"https:\/\/topsailevents.co.uk\/\">bitcoin casino games<\/a><a href=\"https:\/\/www.beer-necessities.co.uk\/\">non uk licence casino<\/a><a href=\"https:\/\/firelaboratory.uk\/\">new independent online casino<\/a><a href=\"https:\/\/ukcreams.co.uk\/\">curacao casinos exempt from gamstop<\/a><a href=\"https:\/\/thecloakanddagger.co.uk\/\">casino eu<\/a><a href=\"https:\/\/www.greenchillibangor.co.uk\/\">paypal deposit casino<\/a><a href=\"https:\/\/engineeringimpact.co.uk\/\">casino pay by mobile phone bill<\/a><a href=\"https:\/\/lgbtqalms.co.uk\/\">online casino uk fast withdrawal<\/a><a href=\"https:\/\/thedoughhook.co.uk\/\">new pay n play casino<\/a><a href=\"https:\/\/www.chinabridgegroup.co.uk\/\">credit card casinos in the uk<\/a><a href=\"https:\/\/www.ogukindustryconference.co.uk\/\">best bitcoin casino no kyc<\/a><a href=\"https:\/\/www.doctornewman.co.uk\/\">casino mit paysafecard<\/a><a href=\"https:\/\/danieldeasy.co.uk\/\">top apple pay casino<\/a><\/a><\/div>\n<div style=\"overflow:hidden;height:1px;\"><a href=\"https:\/\/leedr-project.co.uk\/\">credit card casinos<\/a><a href=\"https:\/\/biofuels-scotland.co.uk\/\">crypto casino<\/a><a href=\"https:\/\/www.teessidelaunchpad.co.uk\/\">casinos not on gamban<\/a><a href=\"https:\/\/topsailevents.co.uk\/\">best bitcoin casino<\/a><a href=\"https:\/\/www.beer-necessities.co.uk\/\">non uk casinos<\/a><a href=\"https:\/\/firelaboratory.uk\/\">independent casinos not on gamstop<\/a><a href=\"https:\/\/ukcreams.co.uk\/\">curacao casinos not on gamstop<\/a><a href=\"https:\/\/thecloakanddagger.co.uk\/\">eu casino<\/a><a href=\"https:\/\/www.greenchillibangor.co.uk\/\">paypal casino<\/a><a href=\"https:\/\/engineeringimpact.co.uk\/\">pay by mobile casino<\/a><a href=\"https:\/\/lgbtqalms.co.uk\/\">fast withdrawal casino<\/a><a href=\"https:\/\/thedoughhook.co.uk\/\">pay n play casino<\/a><a href=\"https:\/\/www.chinabridgegroup.co.uk\/\">credit card casinos<\/a><a href=\"https:\/\/www.ogukindustryconference.co.uk\/\">no kyc casinos<\/a><a href=\"https:\/\/www.doctornewman.co.uk\/\">paysafecard casino<\/a><a href=\"https:\/\/danieldeasy.co.uk\/\">apple pay casinos<\/a><\/a><\/div>\n","protected":false},"excerpt":{"rendered":"<p>best pay by mobile slots best crypto casinos bitcoin online casino &nbsp; \u0130smet \u0130n\u00f6n\u00fc 1. cd Sa\u011fl\u0131k i\u015fhan\u0131 no:22 Kat:3 d:15 Tepeba\u015f\u0131 \/ ESK\u0130\u015eEH\u0130R Bekir DO\u011eAN\u00a0\u00a0 0533 340 28 99 \u00d6zlem \u00d6ZKAN\u00a0\u00a0\u00a0\u00a0\u00a0 0532 454 40 04 best crypto casino mobile deposit casino fast withdrawal casino canadacasino interacbest casino online in canadabest paying online casino ontarioinstant [&hellip;]<\/p>\n","protected":false},"author":1,"featured_media":0,"parent":0,"menu_order":0,"comment_status":"closed","ping_status":"closed","template":"","meta":{"footnotes":""},"_links":{"self":[{"href":"http:\/\/basakproje.com\/index.php\/wp-json\/wp\/v2\/pages\/92"}],"collection":[{"href":"http:\/\/basakproje.com\/index.php\/wp-json\/wp\/v2\/pages"}],"about":[{"href":"http:\/\/basakproje.com\/index.php\/wp-json\/wp\/v2\/types\/page"}],"author":[{"embeddable":true,"href":"http:\/\/basakproje.com\/index.php\/wp-json\/wp\/v2\/users\/1"}],"replies":[{"embeddable":true,"href":"http:\/\/basakproje.com\/index.php\/wp-json\/wp\/v2\/comments?post=92"}],"version-history":[{"count":10,"href":"http:\/\/basakproje.com\/index.php\/wp-json\/wp\/v2\/pages\/92\/revisions"}],"predecessor-version":[{"id":21878,"href":"http:\/\/basakproje.com\/index.php\/wp-json\/wp\/v2\/pages\/92\/revisions\/21878"}],"wp:attachment":[{"href":"http:\/\/basakproje.com\/index.php\/wp-json\/wp\/v2\/media?parent=92"}],"curies":[{"name":"wp","href":"https:\/\/api.w.org\/{rel}","templated":true}]}}