{"id":11,"date":"2017-06-14T12:43:38","date_gmt":"2017-06-14T09:43:38","guid":{"rendered":"http:\/\/basakproje.com\/?page_id=11"},"modified":"2023-12-26T15:14:30","modified_gmt":"2023-12-26T12:14:30","slug":"mera-projeleri","status":"publish","type":"page","link":"https:\/\/basakproje.com\/index.php\/mera-projeleri\/","title":{"rendered":"Mera projeleri"},"content":{"rendered":"<p>4342 say\u0131l\u0131 mera kanunun 14. maddesine g\u00f6re; Arama ruhsat\u0131 al\u0131nan alanlar ve i\u015fletme ruhsat\u0131 al\u0131nan alanlar, 6326 say\u0131l\u0131 Petrol Kanunu ve 3213 say\u0131l\u0131 Maden Kanununa g\u00f6re arama ruhsat\u0131 verilen yerlerin tamam\u0131 veya bir k\u0131sm\u0131n\u0131n mera, yaylak, k\u0131\u015flak alanlar\u0131 i\u00e7erisinde kalmas\u0131 halinde geri d\u00f6n\u00fc\u015f\u00fcml\u00fc yat\u0131r\u0131mlarda teminata esas olacak \u015fekilde \u201cGeri D\u00f6n\u00fc\u015f\u00fcm Projesi\u201d haz\u0131rlan\u0131r.<\/p>\n<p>Bu kapsamda Tahsis amac\u0131 de\u011fi\u015fikli\u011fine konu geri d\u00f6n\u00fc\u015f\u00fcm\u00fc m\u00fcmk\u00fcn olan yat\u0131r\u0131mlarda teminata esas olacak \u015fekilde Yetkili Ziraat M\u00fchendislerince \u00a0\u201c<strong>Mera Geri D\u00f6n\u00fc\u015f\u00fcm Projesi<\/strong>\u201d \u00a0haz\u0131rlan\u0131r.<\/p>\n<p>Ayr\u0131nt\u0131lar i\u00e7in;<\/p>\n<h4>\u0130smet \u0130n\u00f6n\u00fc 1. cd Sa\u011fl\u0131k i\u015fhan\u0131 no:22 Kat3: d:15<\/h4>\n<h4>Tepeba\u015f\u0131 \/ ESK\u0130\u015eEH\u0130R<\/h4>\n<h4><strong>Bekir DO\u011eAN\u00a0\u00a0 0533 340 28 99<\/strong><\/h4>\n<h4><strong>\u00d6zlem \u00d6ZKAN\u00a0\u00a0\u00a0\u00a0\u00a0 0532 454 40 04<\/strong><\/h4>\n","protected":false},"excerpt":{"rendered":"<p>4342 say\u0131l\u0131 mera kanunun 14. maddesine g\u00f6re; Arama ruhsat\u0131 al\u0131nan alanlar ve i\u015fletme ruhsat\u0131 al\u0131nan alanlar, 6326 say\u0131l\u0131 Petrol Kanunu ve 3213 say\u0131l\u0131 Maden Kanununa g\u00f6re arama ruhsat\u0131 verilen yerlerin tamam\u0131 veya bir k\u0131sm\u0131n\u0131n mera, yaylak, k\u0131\u015flak alanlar\u0131 i\u00e7erisinde kalmas\u0131 halinde geri d\u00f6n\u00fc\u015f\u00fcml\u00fc yat\u0131r\u0131mlarda teminata esas olacak \u015fekilde \u201cGeri D\u00f6n\u00fc\u015f\u00fcm Projesi\u201d haz\u0131rlan\u0131r. Bu kapsamda Tahsis [&hellip;]<\/p>\n","protected":false},"author":1,"featured_media":0,"parent":0,"menu_order":0,"comment_status":"closed","ping_status":"closed","template":"","meta":{"footnotes":""},"_links":{"self":[{"href":"https:\/\/basakproje.com\/index.php\/wp-json\/wp\/v2\/pages\/11"}],"collection":[{"href":"https:\/\/basakproje.com\/index.php\/wp-json\/wp\/v2\/pages"}],"about":[{"href":"https:\/\/basakproje.com\/index.php\/wp-json\/wp\/v2\/types\/page"}],"author":[{"embeddable":true,"href":"https:\/\/basakproje.com\/index.php\/wp-json\/wp\/v2\/users\/1"}],"replies":[{"embeddable":true,"href":"https:\/\/basakproje.com\/index.php\/wp-json\/wp\/v2\/comments?post=11"}],"version-history":[{"count":3,"href":"https:\/\/basakproje.com\/index.php\/wp-json\/wp\/v2\/pages\/11\/revisions"}],"predecessor-version":[{"id":165,"href":"https:\/\/basakproje.com\/index.php\/wp-json\/wp\/v2\/pages\/11\/revisions\/165"}],"wp:attachment":[{"href":"https:\/\/basakproje.com\/index.php\/wp-json\/wp\/v2\/media?parent=11"}],"curies":[{"name":"wp","href":"https:\/\/api.w.org\/{rel}","templated":true}]}}