{"id":21,"date":"2017-06-14T13:05:18","date_gmt":"2017-06-14T10:05:18","guid":{"rendered":"http:\/\/basakproje.com\/?page_id=21"},"modified":"2017-06-28T16:52:50","modified_gmt":"2017-06-28T13:52:50","slug":"belgelerimiz","status":"publish","type":"page","link":"https:\/\/basakproje.com\/index.php\/belgelerimiz\/","title":{"rendered":"Belgelerimiz"},"content":{"rendered":"<p><img loading=\"lazy\" decoding=\"async\" class=\"alignnone size-full wp-image-99\" src=\"http:\/\/basakproje.com\/wp-content\/uploads\/2017\/06\/belge.jpg\" alt=\"\" width=\"940\" height=\"300\" srcset=\"https:\/\/basakproje.com\/wp-content\/uploads\/2017\/06\/belge.jpg 940w, https:\/\/basakproje.com\/wp-content\/uploads\/2017\/06\/belge-300x96.jpg 300w, https:\/\/basakproje.com\/wp-content\/uploads\/2017\/06\/belge-768x245.jpg 768w\" sizes=\"(max-width: 940px) 100vw, 940px\" \/><\/p>\n<p>&nbsp;<\/p>\n<ul>\n<li>\n<h4>TSE Personel Belgelendirme Merkezi taraf\u0131ndan verilen IPARD Proje Dan\u0131\u015fman\u0131<\/h4>\n<\/li>\n<li>\n<h4>Fizibilite Raporlar\u0131 Haz\u0131rlama Sertifikas\u0131<\/h4>\n<\/li>\n<li>\n<h4>TMMOB Ziraat M\u00fchendisleri Odas\u0131 Meslek \u0130\u00e7i e\u011fitim Merkezi taraf\u0131ndan verilen &#8220;MERA ISLAH, AMENAJMAN ve GER\u0130 D\u00d6N\u00dc\u015e\u00dcM PROJES\u0130&#8221; Haz\u0131rlama Yetki Belgesi<\/h4>\n<\/li>\n<li>\n<h4>TMMOB Ziraat M\u00fchendisleri Odas\u0131 Meslek \u0130\u00e7i e\u011fitim Merkezi taraf\u0131ndan verilen &#8220;B\u0130L\u0130RK\u0130\u015e\u0130 YETK\u0130 BELGES\u0130&#8221;<\/h4>\n<\/li>\n<li>\n<h4>AB H\u0130BE PROJE AKADEM\u0130S\u0130 DANI\u015eMANLIK B\u0130L\u0130\u015e\u0130M TUR\u0130ZM \u0130\u00c7 VE DI\u015e T\u0130CARET LTD \u015eT\u0130 TARAFINDAN D\u00dcZENLENEN AVRUPA B\u0130RL\u0130\u011e\u0130 H\u0130BE PROJELER\u0130 HAZIRLAMA SERT\u0130F\u0130KASI<\/h4>\n<\/li>\n<li>\n<h4>TMMOB Ziraat M\u00fchendisleri Odas\u0131 Meslek \u0130\u00e7i e\u011fitim Merkezi taraf\u0131ndan verilen &#8220;TOPRAK KORUMA PROJES\u0130&#8221; Haz\u0131rlama Yetki Belgesi<\/h4>\n<\/li>\n<li>\n<h4>TMMOB Ziraat M\u00fchendisleri Odas\u0131 Meslek \u0130\u00e7i e\u011fitim Merkezi taraf\u0131ndan verilen &#8220;DAMLA SULAMA S\u0130STEMLER\u0130N\u0130N TASARIMI&#8221; Haz\u0131rlama Yetki Belgesi<\/h4>\n<\/li>\n<\/ul>\n","protected":false},"excerpt":{"rendered":"<p>&nbsp; TSE Personel Belgelendirme Merkezi taraf\u0131ndan verilen IPARD Proje Dan\u0131\u015fman\u0131 Fizibilite Raporlar\u0131 Haz\u0131rlama Sertifikas\u0131 TMMOB Ziraat M\u00fchendisleri Odas\u0131 Meslek \u0130\u00e7i e\u011fitim Merkezi taraf\u0131ndan verilen &#8220;MERA ISLAH, AMENAJMAN ve GER\u0130 D\u00d6N\u00dc\u015e\u00dcM PROJES\u0130&#8221; Haz\u0131rlama Yetki Belgesi TMMOB Ziraat M\u00fchendisleri Odas\u0131 Meslek \u0130\u00e7i e\u011fitim Merkezi taraf\u0131ndan verilen &#8220;B\u0130L\u0130RK\u0130\u015e\u0130 YETK\u0130 BELGES\u0130&#8221; AB H\u0130BE PROJE AKADEM\u0130S\u0130 DANI\u015eMANLIK B\u0130L\u0130\u015e\u0130M TUR\u0130ZM \u0130\u00c7 [&hellip;]<\/p>\n","protected":false},"author":1,"featured_media":0,"parent":0,"menu_order":0,"comment_status":"closed","ping_status":"closed","template":"","meta":{"footnotes":""},"_links":{"self":[{"href":"https:\/\/basakproje.com\/index.php\/wp-json\/wp\/v2\/pages\/21"}],"collection":[{"href":"https:\/\/basakproje.com\/index.php\/wp-json\/wp\/v2\/pages"}],"about":[{"href":"https:\/\/basakproje.com\/index.php\/wp-json\/wp\/v2\/types\/page"}],"author":[{"embeddable":true,"href":"https:\/\/basakproje.com\/index.php\/wp-json\/wp\/v2\/users\/1"}],"replies":[{"embeddable":true,"href":"https:\/\/basakproje.com\/index.php\/wp-json\/wp\/v2\/comments?post=21"}],"version-history":[{"count":11,"href":"https:\/\/basakproje.com\/index.php\/wp-json\/wp\/v2\/pages\/21\/revisions"}],"predecessor-version":[{"id":107,"href":"https:\/\/basakproje.com\/index.php\/wp-json\/wp\/v2\/pages\/21\/revisions\/107"}],"wp:attachment":[{"href":"https:\/\/basakproje.com\/index.php\/wp-json\/wp\/v2\/media?parent=21"}],"curies":[{"name":"wp","href":"https:\/\/api.w.org\/{rel}","templated":true}]}}