{"id":5,"date":"2017-06-14T10:05:34","date_gmt":"2017-06-14T07:05:34","guid":{"rendered":"http:\/\/basakproje.com\/?page_id=5"},"modified":"2024-01-08T11:45:42","modified_gmt":"2024-01-08T08:45:42","slug":"tkdk-projeleri","status":"publish","type":"page","link":"https:\/\/basakproje.com\/index.php\/tkdk-projeleri\/","title":{"rendered":"K\u0131rsal Kalk\u0131nma Yat\u0131r\u0131mlar\u0131"},"content":{"rendered":"<p><center><img loading=\"lazy\" decoding=\"async\" class=\"wp-image-125 aligncenter\" src=\"http:\/\/basakproje.com\/wp-content\/uploads\/2017\/06\/Yay\u0131n1-300x158.jpg\" alt=\"\" width=\"573\" height=\"302\" srcset=\"https:\/\/basakproje.com\/wp-content\/uploads\/2017\/06\/Yay\u0131n1-300x158.jpg 300w, https:\/\/basakproje.com\/wp-content\/uploads\/2017\/06\/Yay\u0131n1.jpg 760w\" sizes=\"(max-width: 573px) 100vw, 573px\" \/><\/center><\/p>\n<h4 style=\"text-align: center;\"><\/h4>\n<h3><\/h3>\n<h3 style=\"text-align: center;\"><strong>KIRSAL KALKINMA DESTEKLER\u0130 BA\u015eVURULARI BA\u015eLADI\u2026<\/strong><\/h3>\n<p>K\u0131rsal Kalk\u0131nma Destekleri kapsam\u0131nda k\u00fc\u00e7\u00fck ve orta \u00f6l\u00e7ekli i\u015fletmelerin desteklenmesi amac\u0131yla Tar\u0131ma Dayal\u0131 Ekonomik Yat\u0131r\u0131m ile k\u00fc\u00e7\u00fck \u00f6l\u00e7ekli aile i\u015fletmelerinin desteklenmesi amac\u0131yla K\u0131rsal Ekonomik Altyap\u0131 Yat\u0131r\u0131mlar\u0131 projeleri i\u00e7in yat\u0131r\u0131mc\u0131lara %50 hibe deste\u011fi sa\u011flanacakt\u0131r.<\/p>\n<p><strong>Yat\u0131r\u0131m Nitelikleri:<\/strong><br \/>\nYeni tesislerin yap\u0131m\u0131, k\u0131smen yap\u0131lm\u0131\u015f yat\u0131r\u0131mlar\u0131n tamamlanmas\u0131, faal olan mevcut tesislerin kapasite art\u0131r\u0131m\u0131 ile teknoloji yenileme ve\/veya modernizasyonunu kapsayan projelere hibe deste\u011fi sa\u011flanacakt\u0131r.<\/p>\n<p><strong>Ekonomik Yat\u0131r\u0131m Konular\u0131:<\/strong><br \/>\n1. Tar\u0131msal \u00fcr\u00fcnlerin i\u015flenmesi, paketlenmesi ve depolanmas\u0131na y\u00f6nelik yat\u0131r\u0131mlar<br \/>\n1. T\u0131bbi ve aromatik bitkilere y\u00f6nelik yat\u0131r\u0131mlar<br \/>\n2. Bitkisel \u00fcr\u00fcnlere y\u00f6nelik yat\u0131r\u0131mlar<br \/>\n3. Hayvansal \u00fcr\u00fcnlere y\u00f6nelik yat\u0131r\u0131mlar<br \/>\n1. K\u0131rm\u0131z\u0131 et ve kanatl\u0131 eti par\u00e7alama ile mamul madde \u00fcretimi<br \/>\n2. Su \u00fcr\u00fcnlerinin i\u015flenmesi, paketlenmesi ve depolanmas\u0131<br \/>\n3. B\u00fcy\u00fckba\u015f ve k\u00fc\u00e7\u00fckba\u015f hayvanlar\u0131n derileri ile k\u00fc\u00e7\u00fckba\u015f hayvanlar\u0131n yapa\u011f\u0131lar\u0131n\u0131n i\u015flenmesi<br \/>\n4. S\u00fct ve s\u00fct \u00fcr\u00fcnleri<br \/>\n1. S\u00fct ve s\u00fct \u00fcr\u00fcnlerinin i\u015flenmesi, paketlenmesi ve depolanmas\u0131<br \/>\n2. S\u00fct toplama merkezleri<br \/>\n5. Ar\u0131 \u00fcr\u00fcnlerinin i\u015flenmesi<br \/>\n4. Tar\u0131msal \u00fcr\u00fcnlerin depolanmas\u0131<br \/>\n1. \u00c7elik silo<br \/>\n2. So\u011fuk hava deposu<\/p>\n<p>2.Tar\u0131msal \u00fcretime y\u00f6nelik sabit yat\u0131r\u0131mlar.<br \/>\n5. Kapal\u0131 ortamda bitkisel \u00fcretime y\u00f6nelik yat\u0131r\u0131mlar<br \/>\n6. B\u00fcy\u00fckba\u015f hayvan yeti\u015ftiricili\u011fine y\u00f6nelik yat\u0131r\u0131mlar<br \/>\n1. Dam\u0131zl\u0131k hayvan yeti\u015ftiricili\u011fi<br \/>\n2. B\u00fcy\u00fckba\u015f besi i\u015fletmeleri<br \/>\n7. K\u00fc\u00e7\u00fckba\u015f hayvan yeti\u015ftiricili\u011fine y\u00f6nelik yat\u0131r\u0131mlar<br \/>\n8. Kanatl\u0131 hayvan yeti\u015ftiricili\u011fine y\u00f6nelik yat\u0131r\u0131mlar<br \/>\n9. K\u00fclt\u00fcr mantar\u0131 \u00fcretimine y\u00f6nelik yat\u0131r\u0131mlar<br \/>\n10. B\u00fcy\u00fckba\u015f ve k\u00fc\u00e7\u00fckba\u015f hayvan kesimhanelerine y\u00f6nelik yat\u0131r\u0131mlar<br \/>\n11. Kanatl\u0131 hayvan kesimhanelerine y\u00f6nelik yat\u0131r\u0131mlar<\/p>\n<p>3- Yenilenebilir enerji kaynaklar\u0131 kullan\u0131m\u0131na y\u00f6nelik yat\u0131r\u0131mlar<\/p>\n<p>&nbsp;<\/p>\n<p>4- Su \u00fcr\u00fcnleri yeti\u015ftiricili\u011fine y\u00f6nelik yat\u0131r\u0131mlar<\/p>\n<p>a)DenizlerdeYeti\u015ftiricilik<\/p>\n<p>b)\u0130\u00e7sulardayeti\u015ftiricilik<\/p>\n<p>c) Tar\u0131ma dayal\u0131 ihtisas organize sanayi b\u00f6lgelerinde yeti\u015ftiricilik<\/p>\n<p>&nbsp;<\/p>\n<p>5- Hayvansal ve bitkisel orjinli g\u00fcbre i\u015flenmesi, paketlenmesi ve depolanmas\u0131na y\u00f6nelik yat\u0131r\u0131mlar<\/p>\n<p>a) Hayvansal orijinli g\u00fcbreler<br \/>\nb) Bitkisel orijinli g\u00fcbreler<\/p>\n<p><strong>Hibeye Esas Proje Tutar\u0131:<\/strong><br \/>\n-Yeni tesis ba\u015fvurular\u0131nda,\u00a014.000.000 TL,<br \/>\n-Tamamlama ba\u015fvurular\u0131nda\u00a012.000.000 TL<br \/>\n-Kapasite art\u0131r\u0131m\u0131, teknoloji yenileme ve\/veya modernizasyon ba\u015fvurular\u0131nda\u00a010.000.000 TL<\/p>\n<p>-Hibeye esas proje tutar\u0131 alt limiti en az\u00a03.001.000 TL&#8217;dir.<br \/>\n-Hibeye esas proje tutar\u0131n\u0131n\u00a0%50&#8217;sine hibe yoluyla destek verilecektir.<\/p>\n<p><strong>K\u0131rsal Ekonomik Altyap\u0131 Yat\u0131r\u0131m Konular\u0131:<\/strong><br \/>\n1) Aile i\u015fletmecili\u011fi faaliyetlerinin geli\u015ftirilmesine y\u00f6nelik altyap\u0131 sistemleri,<br \/>\na. Bitkisel ve Hayvansal \u00dcr\u00fcnlerin \u0130\u015flenmesi, Paketlenmesi ve Depolanmas\u0131<br \/>\n1. Bitkisel \u00fcr\u00fcnlere y\u00f6nelik yat\u0131r\u0131mlar<br \/>\n2. Hayvansal \u00fcr\u00fcnlere y\u00f6nelik yat\u0131r\u0131mlar<br \/>\n3. S\u00fct ve s\u00fct \u00fcr\u00fcnlerinin i\u015flenmesi, paketlenmesi ve depolanmas\u0131<br \/>\n4. S\u00fct toplama merkezleri<br \/>\nb. Tar\u0131msal \u00fcr\u00fcnlerin depolanmas\u0131<br \/>\n1. \u00c7elik silo<br \/>\n2. So\u011fuk hava deposu<br \/>\nc. Tar\u0131msal \u00fcretime y\u00f6nelik sabit yat\u0131r\u0131mlar<br \/>\n1. Tar\u0131msal \u00fcretime y\u00f6nelik ah\u0131r ve a\u011f\u0131l yat\u0131r\u0131mlar\u0131<br \/>\n2. Kapal\u0131 ortamda bitkisel \u00fcretime y\u00f6nelik yat\u0131r\u0131mlar ( y\u00fcksek plastik t\u00fcnel )<br \/>\n3. Ya\u011fmur hasad\u0131 i\u00e7in jeomembran g\u00f6let yap\u0131m\u0131<br \/>\n\u00e7. K\u00fclt\u00fcr mantar\u0131<br \/>\nd. Yenilenebilir enerji tesisleri yap\u0131m\u0131<\/p>\n<p>2) Ar\u0131c\u0131l\u0131k ve ar\u0131 \u00fcr\u00fcnlerine y\u00f6nelik yat\u0131r\u0131mlar,<br \/>\n3) Bili\u015fim sistemleri ve e\u011fitimi (Ak\u0131ll\u0131 tar\u0131m uygulamalar\u0131),<br \/>\n4) El sanatlar\u0131 ve katma de\u011ferli \u00fcr\u00fcnler,<br \/>\n5) \u0130pek b\u00f6ce\u011fi yeti\u015ftiricili\u011fi,<br \/>\n6) Su \u00fcr\u00fcnleri yeti\u015ftiricili\u011fi,<br \/>\n7) Tar\u0131msal ama\u00e7l\u0131 \u00f6rg\u00fctler i\u00e7in makine parklar\u0131,<br \/>\n8) T\u0131bbi ve aromatik bitki yeti\u015ftiricili\u011fi<\/p>\n<p><strong>Hibeye Esas Proje Tutar\u0131:<\/strong><br \/>\n-Hibeye esas Proje \u00fcst limiti\u00a03.000.000\u00a0TL<br \/>\n-Hibeye esas proje tutar\u0131 alt limiti\u00a0100.000\u00a0TL<br \/>\n-Hibeye esas proje tutar\u0131n\u0131n\u00a0%50&#8217;sine hibe yoluyla destek verilecektir.<br \/>\nBa\u015fvuru Sahipleri:<br \/>\n-Ger\u00e7ek Ki\u015filer<br \/>\n-T\u00fczel Ki\u015filer<br \/>\n.Kollektif, Limited ve Anonim \u015eirketler,<br \/>\n.Tar\u0131msal Ama\u00e7l\u0131 Kooperatifler,<br \/>\n.Tar\u0131m Kredi Kooperatifleri,<br \/>\n.Tar\u0131m Sat\u0131\u015f Kooperatifleri,<br \/>\n.Islah Ama\u00e7l\u0131 Yeti\u015ftirici Birlikleri<br \/>\n.Tar\u0131msal \u00dcretici Birlikleri \u0130ktisadi Te\u015fekk\u00fclleri<br \/>\n.Ziraat Odalar\u0131<br \/>\n.Tohumculuk Birlikleri<\/p>\n<p><strong>Ba\u015fvuru Zaman\u0131:<\/strong><br \/>\nBa\u015fvurular\u00a019 \u015eubat 2024\u00a0tarihine kadar yap\u0131labilecektir.<\/p>\n<p><strong>\u00a0\u00a0\u00a0Yat\u0131r\u0131m S\u00fcresi:<\/strong><br \/>\nYat\u0131r\u0131m projelerinin fiziki olarak tamamlanma son tarihi\u00a030.11.2024&#8217;dir.<\/p>\n<p><strong>\u00a0\u00a0\u00a0\u00a0\u00a0\u00a0Yat\u0131r\u0131m Yeri:<\/strong><br \/>\nYat\u0131r\u0131m yeri k\u0131rsal alanda olmal\u0131d\u0131r.\u00a0Ba\u015fvurularda yat\u0131r\u0131m yerinin m\u00fclkiyetinin ba\u015fvuru sahibine ait olmas\u0131 veya ba\u015fvurunun yap\u0131ld\u0131\u011f\u0131 tarihten itibaren en az\u00a07 (yedi) y\u0131l s\u00fcreyle kiralanm\u0131\u015f olmas\u0131 gerekir. Tahsis\/irtifak belgesi ile ba\u015fvuru yap\u0131lmas\u0131 halinde bu belgeler ilgili kurum ve kurulu\u015fun ba\u011fl\u0131 olduklar\u0131 mevzuata g\u00f6re al\u0131n\u0131r.<\/p>\n<h4 style=\"text-align: center;\"><span style=\"color: #ff0000;\"><strong>Ba\u015fak Fizibilite Proje Dan\u0131\u015fmanl\u0131k San.ve Tic.Ltd \u015eti<\/strong><\/span><\/h4>\n<h4 style=\"text-align: center;\"><strong>Bekir DO\u011eAN\u00a0\u00a0 0533 340 28 99<\/strong><\/h4>\n<h4 style=\"text-align: center;\"><strong>\u00d6zlem \u00d6ZKAN\u00a0\u00a0\u00a0\u00a0\u00a0 0532 454 40 04<\/strong><\/h4>\n","protected":false},"excerpt":{"rendered":"<p>KIRSAL KALKINMA DESTEKLER\u0130 BA\u015eVURULARI BA\u015eLADI\u2026 K\u0131rsal Kalk\u0131nma Destekleri kapsam\u0131nda k\u00fc\u00e7\u00fck ve orta \u00f6l\u00e7ekli i\u015fletmelerin desteklenmesi amac\u0131yla Tar\u0131ma Dayal\u0131 Ekonomik Yat\u0131r\u0131m ile k\u00fc\u00e7\u00fck \u00f6l\u00e7ekli aile i\u015fletmelerinin desteklenmesi amac\u0131yla K\u0131rsal Ekonomik Altyap\u0131 Yat\u0131r\u0131mlar\u0131 projeleri i\u00e7in yat\u0131r\u0131mc\u0131lara %50 hibe deste\u011fi sa\u011flanacakt\u0131r. Yat\u0131r\u0131m Nitelikleri: Yeni tesislerin yap\u0131m\u0131, k\u0131smen yap\u0131lm\u0131\u015f yat\u0131r\u0131mlar\u0131n tamamlanmas\u0131, faal olan mevcut tesislerin kapasite art\u0131r\u0131m\u0131 ile teknoloji [&hellip;]<\/p>\n","protected":false},"author":1,"featured_media":0,"parent":0,"menu_order":0,"comment_status":"closed","ping_status":"closed","template":"","meta":{"footnotes":""},"_links":{"self":[{"href":"https:\/\/basakproje.com\/index.php\/wp-json\/wp\/v2\/pages\/5"}],"collection":[{"href":"https:\/\/basakproje.com\/index.php\/wp-json\/wp\/v2\/pages"}],"about":[{"href":"https:\/\/basakproje.com\/index.php\/wp-json\/wp\/v2\/types\/page"}],"author":[{"embeddable":true,"href":"https:\/\/basakproje.com\/index.php\/wp-json\/wp\/v2\/users\/1"}],"replies":[{"embeddable":true,"href":"https:\/\/basakproje.com\/index.php\/wp-json\/wp\/v2\/comments?post=5"}],"version-history":[{"count":24,"href":"https:\/\/basakproje.com\/index.php\/wp-json\/wp\/v2\/pages\/5\/revisions"}],"predecessor-version":[{"id":173,"href":"https:\/\/basakproje.com\/index.php\/wp-json\/wp\/v2\/pages\/5\/revisions\/173"}],"wp:attachment":[{"href":"https:\/\/basakproje.com\/index.php\/wp-json\/wp\/v2\/media?parent=5"}],"curies":[{"name":"wp","href":"https:\/\/api.w.org\/{rel}","templated":true}]}}