{"id":7,"date":"2017-06-14T12:32:05","date_gmt":"2017-06-14T09:32:05","guid":{"rendered":"http:\/\/basakproje.com\/?page_id=7"},"modified":"2024-03-19T11:58:23","modified_gmt":"2024-03-19T08:58:23","slug":"ipard-projeleri","status":"publish","type":"page","link":"https:\/\/basakproje.com\/index.php\/ipard-projeleri\/","title":{"rendered":"Ipard Projeleri"},"content":{"rendered":"<h2 class=\"item-title\" style=\"text-align: center;\">IPARD PROGRAMI NED\u0130R?<\/h2>\n<p style=\"text-align: center;\">IPARD, Avrupa Birli\u011fi (AB) taraf\u0131ndan aday ve potansiyel aday \u00fclkelere destek olmak amac\u0131yla olu\u015fturulan, Kat\u0131l\u0131m \u00d6ncesi Yard\u0131m Arac\u0131\u2019n\u0131n (Instrument for Pre-Accession Assistance-IPA) K\u0131rsal Kalk\u0131nma bile\u015fenidir. IPARD, Avrupa Birli\u011fi\u2019nin Ortak Tar\u0131m Politikas\u0131, K\u0131rsal Kalk\u0131nma Politikas\u0131 ve ilgili politikalar\u0131n\u0131n uygulanmas\u0131 ve y\u00f6netimi i\u00e7in uyum haz\u0131rl\u0131klar\u0131n\u0131 ve bu kapsamda politika geli\u015ftirilmesini desteklemeyi ama\u00e7lamaktad\u0131r.<\/p>\n<p style=\"text-align: center;\">IPARD deste\u011finin 2014-2020 d\u00f6nemini i\u00e7eren \u00e7ok y\u0131ll\u0131 \u201cK\u0131rsal Kalk\u0131nma Program\u0131\u201d kapsam\u0131nda uygulanmas\u0131 gerekmektedir. Bu s\u00fcre\u00e7te Avrupa Komisyonu ve T\u00fcrkiye Cumhuriyeti taraf\u0131ndan birlikte finanse edilecek destek programlar\u0131 uygulanacakt\u0131r.<\/p>\n<div id=\"attachment_180\" style=\"width: 760px\" class=\"wp-caption aligncenter\"><img loading=\"lazy\" decoding=\"async\" aria-describedby=\"caption-attachment-180\" class=\"size-full wp-image-180\" src=\"http:\/\/basakproje.com\/wp-content\/uploads\/2024\/03\/Tkdk_ipard.jpeg\" alt=\"\u0130pard projeleri\" width=\"750\" height=\"390\" srcset=\"https:\/\/basakproje.com\/wp-content\/uploads\/2024\/03\/Tkdk_ipard.jpeg 750w, https:\/\/basakproje.com\/wp-content\/uploads\/2024\/03\/Tkdk_ipard-300x156.jpeg 300w\" sizes=\"(max-width: 750px) 100vw, 750px\" \/><p id=\"caption-attachment-180\" class=\"wp-caption-text\">\u0130pard projeleri<\/p><\/div>\n<h2 style=\"text-align: center;\">Tar\u0131m ve K\u0131rsal Kalk\u0131nmay\u0131 Destekleme Kurumu<br \/>\n2021-2027 IPARD Program\u0131 (IPARD III D\u00f6nemi)<br \/>\n2024 YILI \u00c7A\u011eRI TAKV\u0130M\u0130<\/h2>\n<p style=\"text-align: center;\">Tar\u0131m ve Orman Bakanl\u0131\u011f\u0131n\u0131n ilgili kurulu\u015fu olan Tar\u0131m ve K\u0131rsal Kalk\u0131nmay\u0131<br \/>\nDestekleme Kurumu 2024 y\u0131l\u0131 i\u00e7inde a\u015fa\u011f\u0131da belirtilen \u00e7a\u011fr\u0131 takvimine uygun<br \/>\nolarak proje ba\u015fvurular\u0131 kabul edecektir.<br \/>\n<strong>PROGRAMIN KAYNA\u011eI<\/strong><br \/>\nFaydalan\u0131c\u0131lara uygun harcamalar kar\u015f\u0131l\u0131\u011f\u0131nda sa\u011flanacak olan mali deste\u011fin<br \/>\nkayna\u011f\u0131, Avrupa Birli\u011fi ve T\u00fcrkiye Cumhuriyeti e\u015f finansman\u0131ndan olu\u015fturulan<br \/>\nIPARD Program\u0131 Fonu\u2019dur.<br \/>\n<strong>BA\u015eVURU YAPILACAK \u0130LLER<\/strong><br \/>\n\u00c7\u0131k\u0131lacak \u00e7a\u011fr\u0131 ilanlar\u0131 kapsam\u0131nda, IPARD III Program\u0131\u2019n\u0131n uygulanaca\u011f\u0131<br \/>\n81 ilimizden proje ba\u015fvurusu yap\u0131labilecektir.<br \/>\n<strong>*<\/strong><br \/>\n<strong>DESTEKLENECEK TEDB\u0130RLER<\/strong><br \/>\n2024 y\u0131l\u0131 i\u00e7inde \u00e7\u0131k\u0131lacak \u00e7a\u011fr\u0131lar kapsam\u0131nda;<br \/>\n&#8211; M1 &#8211; Tar\u0131msal \u0130\u015fletmelerin Fiziki Varl\u0131klar\u0131na Y\u00f6nelik Yat\u0131r\u0131mlar<br \/>\n&#8211; M3 &#8211; Tar\u0131m ve Bal\u0131k\u00e7\u0131l\u0131k \u00dcr\u00fcnlerinin \u0130\u015flenmesi ve Pazarlanmas\u0131<br \/>\n\u0130le \u0130lgili Fiziki Varl\u0131klara Y\u00f6nelik Yat\u0131r\u0131mlar<br \/>\n&#8211; M7 &#8211; \u00c7iftlik Faaliyetlerinin \u00c7e\u015fitlendirilmesi ve \u0130\u015f Geli\u015ftirme<br \/>\ntedbirlerinden in\u015faat, makine-ekipman, hizmet ve g\u00f6r\u00fcn\u00fcrl\u00fck al\u0131mlar\u0131 deste\u011fine<br \/>\nili\u015fkin ba\u015fvurular kabul edilecektir<\/p>\n<p style=\"text-align: center;\">Ayr\u0131nt\u0131lar i\u00e7in;<\/p>\n<h4 style=\"text-align: center;\">\u0130smet \u0130n\u00f6n\u00fc 1. cd Sa\u011fl\u0131k i\u015fhan\u0131 no:22 Kat3: d:15<\/h4>\n<h4 style=\"text-align: center;\">Tepeba\u015f\u0131 \/ ESK\u0130\u015eEH\u0130R<\/h4>\n<h4 style=\"text-align: center;\"><strong>Ba\u015fak Fizibilite Proje Dan\u0131\u015fmanl\u0131k San.ve Tic.Ltd \u015eti<\/strong><\/h4>\n<h4 style=\"text-align: center;\"><strong>Bekir DO\u011eAN\u00a0\u00a0 0533 340 28 99<\/strong><\/h4>\n<h4 style=\"text-align: center;\"><strong>\u00d6zlem \u00d6ZKAN\u00a0\u00a0\u00a0\u00a0\u00a0 0532 454 40 04<\/strong><\/h4>\n<p style=\"text-align: center;\">\n","protected":false},"excerpt":{"rendered":"<p>IPARD PROGRAMI NED\u0130R? IPARD, Avrupa Birli\u011fi (AB) taraf\u0131ndan aday ve potansiyel aday \u00fclkelere destek olmak amac\u0131yla olu\u015fturulan, Kat\u0131l\u0131m \u00d6ncesi Yard\u0131m Arac\u0131\u2019n\u0131n (Instrument for Pre-Accession Assistance-IPA) K\u0131rsal Kalk\u0131nma bile\u015fenidir. IPARD, Avrupa Birli\u011fi\u2019nin Ortak Tar\u0131m Politikas\u0131, K\u0131rsal Kalk\u0131nma Politikas\u0131 ve ilgili politikalar\u0131n\u0131n uygulanmas\u0131 ve y\u00f6netimi i\u00e7in uyum haz\u0131rl\u0131klar\u0131n\u0131 ve bu kapsamda politika geli\u015ftirilmesini desteklemeyi ama\u00e7lamaktad\u0131r. IPARD deste\u011finin [&hellip;]<\/p>\n","protected":false},"author":1,"featured_media":0,"parent":0,"menu_order":0,"comment_status":"closed","ping_status":"closed","template":"","meta":{"footnotes":""},"_links":{"self":[{"href":"https:\/\/basakproje.com\/index.php\/wp-json\/wp\/v2\/pages\/7"}],"collection":[{"href":"https:\/\/basakproje.com\/index.php\/wp-json\/wp\/v2\/pages"}],"about":[{"href":"https:\/\/basakproje.com\/index.php\/wp-json\/wp\/v2\/types\/page"}],"author":[{"embeddable":true,"href":"https:\/\/basakproje.com\/index.php\/wp-json\/wp\/v2\/users\/1"}],"replies":[{"embeddable":true,"href":"https:\/\/basakproje.com\/index.php\/wp-json\/wp\/v2\/comments?post=7"}],"version-history":[{"count":11,"href":"https:\/\/basakproje.com\/index.php\/wp-json\/wp\/v2\/pages\/7\/revisions"}],"predecessor-version":[{"id":181,"href":"https:\/\/basakproje.com\/index.php\/wp-json\/wp\/v2\/pages\/7\/revisions\/181"}],"wp:attachment":[{"href":"https:\/\/basakproje.com\/index.php\/wp-json\/wp\/v2\/media?parent=7"}],"curies":[{"name":"wp","href":"https:\/\/api.w.org\/{rel}","templated":true}]}}